) = 321*n**2 + 22*n + 16. Give z(-1).
315
Let t(s) = -90*s - 4226. What is t(-54)?
634
Let v(i) = 37*i**3 - 10954*i**2 + 552*i + 11834. Determine v(296).
-6
Let q(h) = -24*h**2 + 535*h + 3814. Calculate q(28).
-22
Let b(s) = s**2 + 118972*s + 18891265. Calculate b(-159).
-2
Let n(v) = v**2 + 28*v + 118. Determine n(9).
451
Let s(i) = i**2 + 65*i - 43. Give s(-67).
91
Let a(c) = 98*c - 18906. What is a(195)?
204
Let a(f) = -3377*f - 13517. Give a(-4).
-9
Let q(u) = -2*u**3 + 13*u**2 + 140*u - 918. Calculate q(7).
13
Let s(z) = 14349*z + 1004442. What is s(-70)?
12
Let i(o) = -17*o**3 - 5*o**2 + 82*o + 345. What is i(-4)?
1025
Let z(f) = -2*f**3 + 85*f**2 - 490*f - 22. Give z(5).
-597
Let l(y) = y**3 + 175*y**2 + 891*y + 6896. Give l(-170).
-74
Let q(l) = -12394*l - 2156553. What is q(-174)?
3
Let r(q) = 5*q**3 - 172*q**2 + 1458*q - 8. What is r(10)?
2372
Let a(h) = h**3 + 54*h**2 - 386*h + 76. Determine a(6).
-80
Let k(v) = 191*v + 31073. Calculate k(-163).
-60
Let t(o) = -5*o**2 + 63*o - 260. Calculate t(10).
-130
Let p(i) = -2*i**3 + 439*i**2 - 2017*i + 17679. Calculate p(215).
49
Let d(q) = 222*q - 5132. Calculate d(22).
-248
Let f(d) = d**2 + 132*d - 657. Give f(-131).
-788
Let t(p) = -97*p - 16414. Determine t(-169).
-21
Let l(s) = 6*s**3 - 134*s**2 - 75*s - 402. Calculate l(23).
-11
Let d(o) = -2*o**3 + 73*o**2 + 1396*o - 2311. What is d(50)?
-11
Let a(j) = 49*j**3 + 81*j**2 - 167*j - 251. What is a(-2)?
15
Let q(x) = 2*x**3 + 322*x**2 - 4163*x - 1916. Calculate q(-173).
-13
Let f(v) = -425*v + 67753. What is f(159)?
178
Let u(k) = -k**2 - 275*k + 129757. Calculate u(248).
53
Let k(t) = -386149*t - 5792240. Calculate k(-15).
-5
Let l(q) = 531*q + 48079. Determine l(-91).
-242
Let h(y) = -335*y - 5185. Calculate h(-16).
175
Let p(i) = -445*i - 62635. What is p(-141)?
110
Let r(a) = -302*a - 2939. Give r(-4).
-1731
Let d(m) = -18*m**3 + 59*m**2 + 27*m - 38. Give d(4).
-138
Let l(r) = 7207*r - 21654. What is l(3)?
-33
Let u(l) = -53*l**3 - 28*l**2 + 651*l - 622. Determine u(1).
-52
Let k(y) = -y**3 + 25*y**2 + 192*y - 4722. Determine k(19).
1092
Let g(j) = j**2 - 183*j + 7522. Calculate g(122).
80
Let i(u) = 6*u**2 - 29*u - 2377. Calculate i(0).
-2377
Let n(z) = z**2 - 301875*z - 2415093. Give n(-8).
-29
Let f(r) = 307*r + 17382. Calculate f(-57).
-117
Let w(v) = -5315*v + 42334. Determine w(8).
-186
Let p(r) = -243*r + 974. Determine p(8).
-970
Let r(y) = -27070*y - 216397. Calculate r(-8).
163
Let i(c) = 7445*c**2 - 1094410*c - 730. Determine i(147).
5
Let y(q) = q**3 + 48*q**2 + 504*q + 5729. Calculate y(-39).
-238
Let u(c) = -c**3 - 81*c**2 - 1473*c - 59394. What is u(-72)?
6
Let r(d) = 2*d**2 - 796*d + 11960. Determine r(15).
470
Let c(i) = -51359*i - 256787. Calculate c(-5).
8
Let h(g) = g**3 - 77*g**2 + 477*g - 276. Give h(6).
30
Let r(d) = 2*d**3 + 2*d**2 + 18*d + 57. Calculate r(-5).
-233
Let n(o) = 26*o**2 + 392*o + 72. Give n(-16).
456
Let b(a) = a**3 - 285*a**2 + 9329*a - 37864. Give b(248).
80
Let p(k) = -k**3 - 88*k**2 - 78*k + 775. Calculate p(-87).
-8
Let x(r) = -3*r**3 - 486*r**2 - 460*r + 3701. Give x(-161).
-2
Let y(a) = 93*a**2 - 3115*a - 25. Give y(34).
1573
Let d(l) = -5*l**2 - 227*l + 5661. What is d(26)?
-3621
Let o(t) = -t**3 + 2*t**2 - 786*t + 2373. Calculate o(3).
6
Let u(o) = 4677*o - 64399. What is u(14)?
1079
Let x(a) = -4202*a**2 + 25265*a - 252. Give x(6).
66
Let o(h) = -12*h**2 + 5967*h + 335534. Determine o(-51).
5
Let p(b) = -106189*b + 530953. Determine p(5).
8
Let r(c) = -11*c**2 - 2073*c - 8302. Give r(-4).
-186
Let q(k) = 5*k**2 - 327*k - 2034. Determine q(-6).
108
Let o(i) = 5957*i**2 + 47652*i - 28. Give o(-8).
4
Let u(j) = -j**3 - 20*j**2 - 41*j + 75. Calculate u(-15).
-435
Let y(q) = -2*q**3 + 551*q**2 + 851*q - 2564. Determine y(277).
2976
Let u(a) = -1312*a**2 + 2794*a - 11. What is u(2)?
329
Let s(q) = -q**3 + 246*q**2 + 2561*q - 265. Calculate s(256).
-9
Let n(i) = 36272*i - 435028. What is n(12)?
236
Let p(k) = -388*k + 112432. Determine p(289).
300
Let q(l) = l**2 + 31796*l - 5498491. What is q(172)?
5
Let k(o) = 1302*o**2 + 14009*o - 3449. Calculate k(-11).
-6
Let n(t) = -94235*t - 9800428. Give n(-104).
12
Let k(x) = -102*x**2 + 122*x - 10. Determine k(4).
-1154
Let x(m) = -23*m**3 - 68*m**2 - m + 5. Determine x(-3).
17
Let a(l) = -3*l**3 + 490*l**2 - 2066*l - 172. Determine a(159).
-13
Let z(y) = -526*y - 78951. Calculate z(-148).
-1103
Let y(z) = -z**2 - 62*z + 2108. Determine y(-88).
-180
Let a(h) = -2810*h + 97677. Determine a(35).
-673
Let r(y) = -12*y**2 + 343*y + 1721. Determine r(-5).
-294
Let n(p) = 2*p**2 - 82*p - 157. Determine n(43).
15
Let l(y) = 74*y**3 - 516*y**2 + 20*y - 27. Calculate l(7).
211
Let w(v) = 94*v + 18912. What is w(-200)?
112
Let p(n) = -40251*n - 160981. Calculate p(-4).
23
Let q(l) = -6*l**2 + 182*l - 1169. What is q(9)?
-17
Let j(i) = 99*i**2 + 14862*i + 1861. What is j(-150)?
61
Let p(l) = 10*l**2 - 803*l + 15752. What is p(45)?
-133
Let u(b) = -b**2 - 44317*b + 17931920. Give u(401).
2
Let k(v) = -14*v + 2714. Give k(129).
908
Let j(g) = -100*g**2 + 2355*g - 10431. Calculate j(6).
99
Let m(q) = 41384*q - 4179736. Determine m(101).
48
Let y(k) = -48*k - 960. What is y(-18)?
-96
Let t(g) = g**3 - 57*g**2 - 1436*g - 4762. Determine t(-4).
6
Let r(d) = -d**3 + 53*d**2 - 1844*d + 102350. Calculate r(54).
-142
Let o(l) = -l**2 + 2345*l - 14064. Give o(6).
-30
Let x(f) = 1407*f + 38047. Calculate x(-27).
58
Let k(o) = 90*o - 3502. Give k(43).
368
Let s(b) = -9561*b + 9386. What is s(1)?
-175
Let c(j) = j**3 - 222*j**2 + 2734*j - 3391. Determine c(209).
162
Let b(l) = 825*l - 24569. Calculate b(30).
181
Let k(h) = -h**2 + 145*h - 5712. Give k(92).
-836
Let k(g) = -15*g**2 - 351*g - 2. Calculate k(-22).
460
Let s(v) = 22*v**2 + 9*v - 22. Determine s(-7).
993
Let d(j) = -5266*j - 3285907. What is d(-624)?
77
Let w(d) = 14*d**3 - 361*d**2 - 460*d + 14. What is w(27)?
-13
Let b(x) = -176*x - 1584. Give b(-13).
704
Let o(m) = m**3 - 95*m**2 - 176*m + 6711. What is o(96)?
-969
Let k(b) = -209*b**2 - 12751*b - 99. What is k(-61)?
23
Let d(l) = -122*l - 973. Give d(-24).
1955
Let o(h) = 2*h**3 + h**2 - 21860*h + 21858. Give o(1).
1
Let x(o) = 4*o**3 - 222*o**2 - 135*o + 1173. Give x(56).
-115
Let a(g) = 16428*g - 427129. Determine a(26).
-1
Let s(x) = -x**3 + 18*x**2 + 271*x + 768. Calculate s(-6).
6
Let l(x) = -32*x**3 + 105*x**2 + 425*x + 29. Calculate l(-4).
2057
Let o(r) = -890*r - 15654. Calculate o(-17).
-524
Let b(p) = 7*p**3 + 5895*p**2 + 871*p + 24400. What is b(-842)?
-18
Let h(t) = 2*t**3 - 203*t**2 - 103*t + 318. Calculate h(102).
216
Let r(b) = -249249*b + 5981979. Calculate r(24).
3
Let c(h) = -60*h**2 + 2679*h + 942. Give c(45).
-3
Let j(z) = 128*z + 23274. Give j(-182).
-22
Let k(w) = -19262*w - 96350. Give k(-5).
-40
Let s(u) = -963*u**2 + 3847*u + 8. Determine s(4).
-12
Let c(n) = -n**2 - 1586*n + 337520. Calculate c(190).
80
Let t(o) = -3*o**2 + 348*o - 5456. Calculate t(19).
73
Let z(d) = -26496*d + 2278639. Give z(86).
-17
Let d(j) = -10*j**3 + 2*j**2 + 80*j + 26. Give d(3).
14
Let o(x) = -195*x**2 + 19941*x + 14791. What is o(103)?
-41
Let y(u) = -65*u**2 + 35*u - 36. Determine y(1).
-66
Let x(m) = 1430*m - 10318. Calculate x(7).
-308
Let a(q) = -5*q**3 - 1150*q**2 - 29*q - 6677. Calculate a(-230).
-7
Let q(j) = -j**3 - 111*j**2 + 1472*j + 44. Give q(12).
-4
Let d(g) = -1817*g + 9083. Give d(5).
-2
Let j(i) = -i**3 - 37*i**2 - 518*i - 2554. Determine j(-11).
-2
Let q(k) = -k**2 - 428*k - 42983. Determine q(-161).
4
Let s(v) = v**3 - 8*v**2 + 10*v + 189. Calculate s(7).
210
Let i(s) = -34454*s + 413405. Give i(12).
-43
Let k(c) = -44499*c + 533979. Calculate k(12).
-9
Let p(q) = -4*q**2 - 2064*q + 2204930. What is p(528)?
2
Let j(k) = k**2 - 52059*k - 1458439. What is j(-28)?
-3
Let j(l) = -1271*l + 917. What is j(0)?
917
Let u(x) = -679*x - 7064. Determine u(-10).
-274
Let c(r) = 31727*r + 285592. Give c(-9).
49
Let u(f) = 11*f**3 + 7*f**2 + 11*f + 7. Calculate u(-1).
-8
Let b(q) = -157365*q + 786841. Calculate b(5).
16
Let a(s) = -4*s**3 - 220*s**2 - 2990*s - 2865. Calculate a(-33).
-27
Let m(s) = -5823*s + 1141307. What is m(196)?
-1
Let h(j) = 517*j - 4922. Give h(14).
2316
Let m(u) = -7*u**2 + 548*u - 615. Determine m(77).
78
Let n(w) = 4*w**